-4*x + 3*m + 1874 = m, 5*x = m + n. Suppose x = -5*c + 12445. Is c prime?
False
Let u = -794 - -1559. Suppose 5*b - 5*m - 408 = 892, 3*b - u = -2*m. Is b a prime number?
True
Suppose 3*h = -3*c - 11688, 3 = -2*h - h. Suppose i = -2*d - 5269, 3*d + 7724 = 4*i - 174. Let k = d - c. Is k prime?
False
Suppose -111*v + 32*v = -v - 66270282. Is v a prime number?
False
Let l be ((-224)/(-21))/(-8)*(-18)/8. Is ((-5)/(-2) - l)*(-12254 + -24) prime?
False
Let g = 48 + -46. Let n be 990 + 3 + 1 - (-1 - g). Suppose o - n = -j - 2*j, 5*j = -3*o + 1655. Is j composite?
True
Let k(j) = 2549*j**2 - 34*j + 323. Is k(8) a prime number?
False
Let o(b) = 9949*b - 35. Is o(4) a composite number?
False
Suppose -116 = -4*j - 3*c, 3*c - 90 = -3*j - 0*c. Let l be (-10)/20 + j/4. Let z(h) = -h**3 + 10*h**2 - 12*h - 1. Is z(l) prime?
True
Let d = 20 - 470. Let o = d - -923. Is o a composite number?
True
Suppose -53 = -4*p - 37. Suppose -4*d - 60 = -p*s, 3*d - 3 = -2*s + s. Suppose 14*k = s*k + 6034. Is k composite?
True
Let u(b) = 23850*b**2 + 20*b + 139. Is u(-4) a composite number?
False
Let l(m) = -80*m**3 - 12*m**2 + 2*m - 1. Is l(-9) composite?
False
Let t be (-5)/15*-3 + 1 + 8. Suppose 11*f - 3*n = t*f + 2200, 2*f + 3*n - 4418 = 0. Is f composite?
True
Let l(o) = o**3 - 86*o**2 + 746*o + 264. Is l(109) prime?
False
Suppose -x = -5*z - 1167, 4*z + 7*x - 2*x + 922 = 0. Let h(d) = -172*d - 780. Let s be h(-6). Let u = s - z. Is u prime?
False
Suppose 234*r - 198*r - 884124 = 0. Is r prime?
False
Suppose 0 = -2*v + 3*v + 42. Let a be (6/7)/(-1 + (-51)/v). Suppose s - 1038 = -d, -d - 4160 = -5*d + a*s. Is d a composite number?
False
Let v be (3 - 1) + (3 - -3). Let s(o) = 478*o - 65. Let a(z) = 1436*z - 185. Let r(u) = 4*a(u) - 11*s(u). Is r(v) a composite number?
False
Suppose 4*n + n - 5*h - 15 = 0, n - 2*h - 1 = 0. Is (-8386)/(-10) + 2/n composite?
False
Suppose 0 = -3*g + 4*q + 3 - 29, 5*g - 3*q = -25. Is (5640 - (-1 - g))/(-4 + 5) a prime number?
True
Suppose -36*v = -28*v - 184704. Suppose 2*u = 5*f - 28319 - 548, 4*f = -4*u + v. Is f a composite number?
True
Suppose 764 = 5*h - 76. Let i(w) = -20*w + h*w + 4*w + 30 - 27. Is i(2) prime?
True
Suppose 2*f = -8*f. Suppose i + f*i = -o + 570, 2*o - 3*i = 1155. Is o prime?
False
Let a be -4 - (-5 - (-262 + 2)). Let v = a + 422. Is v a prime number?
True
Let u(r) = 92*r + 3. Let m be u(6). Let l = 1562 - m. Let a = -598 + l. Is a a prime number?
True
Suppose -7834 = -4*d - 1346. Suppose 8*r - 6270 + d = 0. Is r composite?
True
Is (-123468)/16*(-11)/((-198)/(-24)) a composite number?
False
Let r = 1431701 + -836760. Is r a prime number?
False
Is (-23233150)/(-40) - 42/(-168) a composite number?
True
Let g(z) = 2*z**2 + 71*z + 104. Let v be g(-34). Suppose -v*s + 159560 = 6*s. Is s a prime number?
False
Suppose 0 = -7*a + 4*a + 5*a. Suppose 0 = 2*g + 3*n - 26171, -3*g + 5*n + 34666 + 4562 = a. Is g prime?
False
Let f(c) = -7*c**3 + 18*c**2 - 23*c + 1. Let x(r) = -13*r**3 + 35*r**2 - 46*r + 1. Let o(w) = 11*f(w) - 6*x(w). Is o(10) prime?
False
Is 958/(-8)*(19 + -10 - 173) a composite number?
True
Let o = -1796 + 288. Suppose t - 12633 = -4*l, -4*t = 5*l + t - 15780. Let g = l + o. Is g a prime number?
False
Let f = 4656 + -6090. Let q = -459 - 454. Let x = q - f. Is x composite?
False
Let x = 28291 + 4176. Is x prime?
True
Let a = -17769 + 86632. Is a composite?
False
Suppose -6*x - 60661 = -5*a - 9*x, -5*x = -10. Let u = 10704 + a. Is u prime?
False
Let l(b) = -23*b + 149. Let z be l(6). Suppose -5*p = -16*d + z*d - 30625, 0 = -3*p - 3*d + 18351. Is p a prime number?
True
Let l be -60*-1*(13/5 - 3). Let d = 27 + l. Suppose 5*x = 3*g + 7373, -2*g = 4*x + d*g - 5928. Is x a composite number?
True
Let y be (-4 + (-26)/(-6))*60. Suppose y*c - 19*c - 18973 = 0. Is c a composite number?
False
Suppose x = 1, -b + 2*b + 5*x + 18 = 0. Let v(c) = 4*c**2 + 40*c - 33. Is v(b) a prime number?
True
Let o(m) = 199*m**3 - 19*m**2 + 5*m + 20. Is o(13) a prime number?
False
Let y(t) be the first derivative of t**6/120 + 7*t**5/30 - t**4/12 + 8*t**3/3 - 5*t**2 + 4. Let p(x) be the second derivative of y(x). Is p(-13) prime?
True
Is 5 + (29377 - (-2 - (0 + -1))) composite?
False
Suppose 0 = 91*s + 54*s - 131361155. Is s composite?
True
Suppose f - 529336 = -12*b, 3*f - 44123 = -25*b + 24*b. Is b prime?
True
Suppose -7*a = 29 + 272. Let x = -47 - a. Let p(v) = -8*v**3 - 3*v**2 - 2*v + 7. Is p(x) prime?
True
Let k = 77 + -138. Let h = 63 + -90. Let m = h - k. Is m composite?
True
Let j(p) = 19*p**2 - 127*p + 35. Is j(125) a composite number?
True
Is ((-927)/(-54) + -17)/((-1)/(-75090)) a prime number?
False
Is 2/(-11) + 72701095/935 prime?
False
Suppose -122*c - 1646 = -123*c. Let m = c + -597. Is m composite?
False
Let f(s) = s**3 + 11*s**2 - 4*s - 38. Let g be f(-11). Is 76 - 3/1*(-2)/g a composite number?
True
Let t = 1588 + 12555. Is t a prime number?
True
Suppose -j = -h - 4*j + 33, -3*h + 64 = 2*j. Suppose -3*u - h*u = -21042. Suppose u = 5*p - 1903. Is p composite?
True
Let z(v) = -1108*v**3 + 5*v**2 - 12*v - 24. Is z(-5) a composite number?
False
Suppose 35736 - 5306 = 10*y. Suppose 0 = -4*b - 827 + y. Let x = 149 + b. Is x prime?
False
Let j = -530 + 531. Let l(x) = -x**2 + x + 11175. Let f be l(0). Is ((-2)/3 + j)/(25/f) prime?
True
Let a be 8 + -4 + (2 - 4). Suppose -4*q - 17769 = -5*i, a*q + 4178 - 11300 = -2*i. Suppose 168 + i = 5*p. Is p prime?
False
Let r be (4 - (0 + 0))*300/80. Suppose r*q + 7014 = 21*q. Is q prime?
False
Suppose 2*b - 264 = -2*b + 4*c, -135 = -2*b + c. Let o = -80 + 82. Suppose 715 = o*j + b. Is j a composite number?
True
Let t = 207 + -199. Is 148881/7 + 4*t/112 composite?
False
Let g(l) = 14*l + 18. Let v be g(18). Let r(t) = -554*t - 212*t - v*t + 3 + 9*t. Is r(-4) prime?
True
Let h(o) = 411*o + 337. Is h(36) composite?
True
Let z(s) = -3*s**2 + 42*s + 293. Is z(0) composite?
False
Let u be 4/(-12)*-21 - -4. Let d(b) = b**2 + 8*b + 7. Let i be d(u). Suppose 2*n = i + 154. Is n a composite number?
True
Let h = 72 + -40. Let t = h - 30. Is 15*t + (-8 - -9) prime?
True
Is ((1820763/(-6))/(-21))/(1/2) a prime number?
True
Let k(o) = o**3 - o**2. Let q be k(1). Suppose -3*u + 5323 - 912 = -f, -f + 2 = q. Is u prime?
True
Suppose -11*b + 10716 = 8*b. Suppose 7*w = 409 + b. Is w a prime number?
True
Suppose 5*z - 5*s = 232325, z - 3*s = -14503 + 60956. Is z composite?
False
Let r = 335542 + 132873. Suppose 0 = -56*m + 51*m + r. Is m a prime number?
True
Let d be (-8808)/3 - (-1)/2*-4. Let l = -735 - d. Is l a prime number?
True
Suppose -5*c - 481 = -15831. Let z = -1794 + c. Let y = z - 881. Is y composite?
True
Let q = -15 + 33. Suppose -10*v = -16*v + q. Suppose 298 + 173 = v*h. Is h prime?
True
Is 16/(-12)*1349832/(-32) composite?
True
Let i(k) = 84*k + 12. Let p(c) = -3*c**2 + 13*c - 14. Let y be p(4). Let o be i(y). Let u = 183 - o. Is u a composite number?
True
Let s(n) = n**3 + 26*n**2 + 23*n - 44. Let u be s(-25). Is (28173/u)/(7/14 - 0) a composite number?
False
Let p = 1000981 - 69708. Is p a prime number?
False
Let a = -484 + 617. Suppose 171736 = a*c - 125*c. Is c prime?
True
Let i(a) = -1794*a - 295. Is i(-37) prime?
True
Let j(r) = 1326*r**2 - r - 106. Is j(-9) a prime number?
True
Let w(i) = 209*i**2 + 31*i + 517. Is w(-29) a prime number?
False
Let i = -603163 - -955854. Is i a composite number?
False
Let g = -24 - -25. Let d(a) = 5*a - 2. Let c be d(g). Suppose 0 = 2*w, -1935 + 282 = -c*u + w. Is u a prime number?
False
Suppose -4*b = -2*n - 0*n - 268084, 0 = -2*b + 3*n + 134042. Is b prime?
True
Let m(j) = 4*j**2 + 20*j + 1. Let a be m(-8). Suppose -51*v + 12870 = -38*v. Let d = a + v. Is d a composite number?
False
Suppose -4*l - 55799 = -3*k, -2*k = 4*l - 265 - 36941. Let n = 1044 + k. Is n a composite number?
True
Let w = 3066 - 632. Suppose 0*j + 9 = 3*j. Suppose -j*s = -1019 - w. Is s prime?
True
Suppose 0 = -o + 2*p + 1040840 + 1908073, -2*p + 11795642 = 4*o. Is o a prime number?
False
Let o be (2 - (2 + 0))*13/26. Let s(v) = v**2 + 2*v + 1318. Let t be s(o). Suppose -3610 = -12*m - t. Is m prime?
True
Suppose -14*d - 25*d = -9176973. Is d a prime number?
True
Let i(u) = u**3 + 25*u**2 - 35*u - 43. Suppose 2*o + 32 = 4*t, 5*o + 21*t = 18*t - 145. Is i(o) a prime number?
True
Let m be